e u(j).
1
Let j(v) = 5*v - 5. Let i(z) = z**2 + 22*z + 21. Let l be i(-21). Suppose -u - 5*r + 24 = l, r - 2*r - 8 = -3*u. Calculate j(u).
15
Let z(l) be the third derivative of l**5/60 - l**4/24 + 5*l**3/6 + 31*l**2 + 2*l. Calculate z(0).
5
Let c(n) be the first derivative of -n**3/3 + 3*n**2 + 4*n + 106. What is c(7)?
-3
Let f(r) = -3 + 4*r + 4*r**2 - 5*r**2 - 2. Suppose 530 - 445 = 17*t. Give f(t).
-10
Let g(o) = o + 9. Let w = 164 + -101. Let k = 55 - w. Calculate g(k).
1
Suppose -19 + 7 = b - 3*w, w = -b + 4. Let q(i) be the third derivative of -1/6*i**3 - 1/120*i**6 - 1/30*i**5 + b*i + 0 - i**2 + 1/12*i**4. Give q(-2).
-5
Let c(p) be the first derivative of p**5/20 + p**4/4 - 2*p**3/3 + 5*p**2/2 - 6*p - 14. Let v(x) be the first derivative of c(x). Determine v(-4).
5
Let l(z) = z**3 - 14*z**2 + 14*z - 15. Let u be 1/(-8) + 18795/1432. Determine l(u).
-2
Let m(a) = a**2 + 7*a - 11. Suppose 4*w = 5*r - 2*r - 23, -3*w = 2*r + 13. Let j(h) = -h**3 - 3*h**2 + 12*h + 2. Let q be j(w). Determine m(q).
-3
Suppose -2*a = -5*o + 17 + 7, a + 2*o = -3. Let x(z) = -8*z - 1. Let w(t) = -15*t. Let c(n) = -5*w(n) + 9*x(n). Determine c(a).
-30
Let j be 146/4 - 2/4. Suppose 4*u - j = u. Suppose 3*t + u = 5*t. Let k(a) = -a**2 + 6*a + 7. Calculate k(t).
7
Let s = -1675 + 1685. Let k(c) = -2*c + 9. Determine k(s).
-11
Let j(o) be the second derivative of o**4/12 + 13*o**3/6 + 11*o**2/2 + 243*o - 2. What is j(-9)?
-25
Suppose 5*g - 42 = -3*i, -4*g + 3 = -5*i - 1. Let h = g + 0. Let l(k) = 7 + 410*k + 413*k + 409*k + 409*k - 2053*k + 411*k. Calculate l(h).
1
Suppose -u - 2*u = 3*x + 24, -x - 23 = 4*u. Let c(b) = 48*b - 12*b - 4*b**2 - 38*b - b**3. Let y(j) = 3*j**2 + 2*j. Let s(g) = x*y(g) - 2*c(g). Determine s(2).
8
Let z(i) = 6*i + 9. Let d = -174 + 170. Calculate z(d).
-15
Let h(v) be the first derivative of v**2/2 + 2*v - 152. Suppose 5 = 5*z + 4*c - 9*c, -c = 3*z - 23. Give h(z).
8
Suppose -31*n + 56 + 97 = -184*n. Let x(b) be the first derivative of 8*b**2 - b + 1. What is x(n)?
-17
Let n(k) = k**2 - 2*k - 1. Let g(r) = 3*r**2 - 9*r - 10. Let s be g(4). Give n(s).
-1
Let s(m) = m - 6. Suppose -d + 0 = -4*h - 24, -3*h - 5*d + 5 = 0. Calculate s(h).
-11
Suppose -4 - 3 = y. Let w(g) be the third derivative of -g**4/12 + 5*g**3/6 + 231*g**2. Calculate w(y).
19
Let h(i) be the third derivative of -i**4/24 - 2125*i**2 - 1. Let s be 4/2*3*-1. Determine h(s).
6
Suppose -5*a + 30 = -4*g - 13, -3*g - 5*a - 41 = 0. Let c(w) = -w**2 - 14*w - 18. What is c(g)?
6
Let h = 17 - 45. Let c = h + 24. Let a(o) = o**3 + 5*o**2 + 6*o + 4. Give a(c).
-4
Let t(b) = -b**2 - 6*b + 4. Suppose 0*m = 3*p + m - 10, p = 4*m - 1. Suppose -5*c = 0, -4*j + 12 = 6*c - p*c. Suppose -j*s - 11 = 7. Calculate t(s).
4
Let k = -5 + 1. Let m(f) = 8*f**3 + 7*f**2 - 12*f - 8. Let b(o) = -3*o**3 - 2*o**2 + 4*o + 3. Let q(z) = k*m(z) - 11*b(z). Suppose 2 + 28 = 6*c. What is q(c)?
-6
Let i(m) = -3 + 2 - 3 + 2 + m. Suppose 5*k + 12 = -3. Let d(c) = c - 2. Let n(b) = k*d(b) + 4*i(b). Calculate n(7).
5
Let x(p) = -10*p + 5 + 5 - p**3 + 10*p**2 - 1. Let g(j) = -2*j**2 - 43*j - 51. Let t be g(-20). Give x(t).
0
Suppose -7*d + 40 = -2*d. Let u(i) = 3*i - 6. Let t(z) = 4*z - 7. Let r(o) = -2*t(o) + 3*u(o). Let b be r(d). Let v(f) = -f**2 + 6*f - 6. Calculate v(b).
2
Let p(q) = q**2 + 4*q - 4. Let z be (-30)/35 + (-102)/(-21). Suppose -z*r = -25 + 49. What is p(r)?
8
Suppose 2*x - 5*l + 3*l = -14, 13 = x + 3*l. Let s(z) = 69*z**3 - 2*z - 104*z**3 - z**2 + 1 + 33*z**3. What is s(x)?
17
Let b(z) = z**2 + 1. Suppose g = 15*t - 11*t - 13, 0 = 4*t + 3*g - 25. Give b(t).
17
Let z(y) be the second derivative of y**4/12 - y**3/2 + 3*y**2/2 + 110*y. Give z(3).
3
Let w(h) = 1 - h**2 - 308*h - 3 + 303*h + 1. Give w(-4).
3
Let x(j) be the first derivative of 1/3*j**3 - 16 + 18*j + 0*j**2. What is x(0)?
18
Let f be 6/(((-8)/(-1))/(-4)). Let r be 0*(-2)/12*f. Let n(d) = 1 - 9 - d**2 + 0. What is n(r)?
-8
Let h(y) = 2*y + 30. Let l be h(-13). Let t(i) = 5 - i**3 + 2*i**2 - 4*i - 4*i**2 - l*i**2 + 11*i**2. Suppose -3*q = -4*v + 25, -2*q - 3*q = 4*v - 1. Give t(v).
5
Let y(w) = 295*w - 151*w - 143*w. What is y(-6)?
-6
Let u(t) = t**2 - t - 1. Let x(j) = j**3 + 8*j**2. Let h be x(-8). Let b = 2 - h. Let w be (2 + -1)*2/b. What is u(w)?
-1
Suppose 3*p + 9 = 2*v, 3*p + 5 = -2*p. Let c(o) = o**2 - 4*o + 3. What is c(v)?
0
Let i(p) = -25*p + 3. Let c be (97 + -101)/(0/2 + -2). What is i(c)?
-47
Let i(g) = 5*g - 82. Let z be i(8). Let b = -36 - z. Let f(k) = -k + 5. What is f(b)?
-1
Let j(w) = 0 + w - 2 + 1. Suppose 22*y - 164 + 10 = 0. What is j(y)?
6
Let r be (12/(-7))/(675/63 + -11). Let u(q) be the first derivative of -8*q + 1/4*q**4 - 3*q**2 - 1 - 5/3*q**3. Calculate u(r).
-8
Let x(p) = 3*p + 8. Let y = 299 + -303. Calculate x(y).
-4
Let g(y) = -3*y**2 - y + 1. Suppose 0 = 3*x + 2*x - 20. Suppose 0*b - b + x*s = -13, -3*s - 12 = -3*b. What is g(b)?
-3
Let n(v) = -3*v**3 - 5*v**2 + 5*v - 9. Let t(r) = 2*r**3 - r + 2. Let d(u) = -u**3 + u**2. Let l(g) = d(g) + t(g). Let h(c) = 9*l(c) + 2*n(c). What is h(1)?
3
Let i(b) be the first derivative of 3*b**3/2 + 3*b + 11. Let w(q) be the first derivative of i(q). Give w(-1).
-9
Let j(q) = q - 4. Let k be j(3). Let s(b) = -4*b**3 + b**2. Let f be s(k). Let l(h) = -2. Let a(x) = x + 15. Let d(g) = 2*a(g) + 18*l(g). Give d(f).
4
Let q be 5 + ((-135)/10 - -9). Let m(x) be the first derivative of 7*x + 9 - q*x**2. Give m(4).
3
Suppose 0*o + 24 = -8*o. Let r(m) = -11*m**3 - 3*m**2 - 11*m + 21. Let z(i) = -4*i**3 - i**2 - 4*i + 7. Let j(x) = o*r(x) + 8*z(x). What is j(0)?
-7
Let r(i) = -16*i**2 + 17. Let h(w) be the third derivative of w**5/30 - w**3/3 + w**2. Let f(d) = 51*h(d) + 6*r(d). Calculate f(-1).
6
Let r(v) = -v**2 - v - 11. Let x = -35 - -38. Suppose 4*j + x*j = 0. Calculate r(j).
-11
Suppose 3*o = 3*l + 24, -6 = -3*o - 13*l + 10*l. Let t(c) = c**2 - 5*c - 5. Give t(o).
-5
Let q(b) be the third derivative of -9*b**4/8 + b**3/6 - 79*b**2 - 5. What is q(1)?
-26
Let i = 42 - -22. Suppose n = -7*n + i. Let t(f) = -f**3 + 8*f**2 - 3*f + 12. Determine t(n).
-12
Let l(n) = -n - 7. Let a(h) = 3*h + 12. Let z(g) = -2*a(g) - 5*l(g). Determine z(7).
4
Suppose -4*c - 13 = -5*d, -2*d - 2 = -4*c - 0. Suppose -j + d = -1. Let r(f) = -f**3 + 7*f**2 - 9*f + 5. Calculate r(j).
-13
Let v(w) be the third derivative of -w**5/60 - w**4/8 + 11*w**3/3 + 139*w**2. What is v(-6)?
4
Let g(p) be the third derivative of p**8/6720 + p**7/420 + 7*p**6/720 + p**5/120 + 5*p**4/6 + 22*p**2. Let q(n) be the second derivative of g(n). What is q(-5)?
-9
Let n(d) = d**2 - 34*d - 114. Let c be n(37). Let o(b) be the first derivative of -b**4/4 - 5*b**3/3 - 2*b**2 - 2. Give o(c).
-6
Let q be 18/(-9) - 1/(2/(-20)). Let d(m) = -3*m - q*m**2 + 4*m + 11*m**2 - 8*m**2. Calculate d(1).
-4
Let z(l) = -l - 5. Let p be z(-8). Suppose -c + 10 = -p*c. Let a(t) = -2*t. Let f(d) = 9*d - 4. Let r(m) = -5*a(m) - f(m). Determine r(c).
-1
Let m = 1 - 2. Let x(a) = -a**3 - 7*a**2 - 10*a - 21. Let f be x(-6). Let c(g) = -1872 + f*g + 1872. Give c(m).
-3
Let x(c) = c**3 - c + 1. Suppose -d + 5*d - 12 = 0, 3*d = 4*f + 5. Let z(t) = t**3 + 3*t - 2. Let u(l) = f*z(l) + 2*x(l). What is u(-1)?
-4
Let a(s) = -s - 2. Suppose 7*n - 2*n - 20 = 0. Suppose 0 = 4*b - 5*b - n. Determine a(b).
2
Let n(b) = 9*b**3 - 31*b**2 - 2*b - 232. Let h(f) = -5*f**3 + 16*f**2 + f + 126. Let z(r) = -11*h(r) - 6*n(r). Calculate z(-10).
-4
Let q(l) = 2*l**3 - l**2 - 1. Let j(f) = 3 - 4 - 3*f**2 + 5*f**2 + 3 - 3*f**3. Let m(h) = 6*j(h) + 11*q(h). Determine m(-2).
-27
Let d(t) = 38*t - 10. Let y be d(5). Suppose 0 = 5*b - 7*b - y. Let m be (b/(-40))/((-1)/4). Let n(k) = -k**3 - 9*k**2 - 2*k - 11. Calculate n(m).
7
Let z(q) = -2*q**3 + 4*q**2 + 11*q - 2. Let j(m) = -m**3 + 5*m**2 + 10*m - 3. Let w(a) = -3*j(a) + 2*z(a). Give w(-6).
17
Let m = -93 + 94. Let r(z) = -4 + 58*z - 57*z - 1 + m. Suppose -3*c + 2 = 3*t - 4, -4*t + 6 = 3*c. Calculate r(t).
-4
Let c(w) = 58 - 2*w + w - 36 - 33. Calculate c(-13).
2
Let s(y) be the third derivative of y**8/6720 - y**7/630 + y**6/360 - y**5/120 + 3*y**4/4 + 27*y**2. Let t(u) be the second derivative of s(u). Determine t(2).
-5
Let u(i) = -i**3 - 9*i**2 + i + 10. Let z(d) = 2*d**2 + 17*d + 1. Let s be z(-7). Let n(f) = -2*f - 49.